{"id":1368,"date":"2022-12-30T19:41:16","date_gmt":"2022-12-30T19:41:16","guid":{"rendered":"https:\/\/www.ajimez.es\/?page_id=1368"},"modified":"2024-12-05T19:08:53","modified_gmt":"2024-12-05T19:08:53","slug":"ruta-de-los-retablos","status":"publish","type":"page","link":"https:\/\/www.ajimez.es\/index.php\/ruta-de-los-retablos\/","title":{"rendered":"Tierra T\u00fardula"},"content":{"rendered":"\t\t<div data-elementor-type=\"wp-page\" data-elementor-id=\"1368\" class=\"elementor elementor-1368\">\n\t\t\t\t\t\t<section class=\"elementor-section elementor-top-section elementor-element elementor-element-376cdae elementor-section-boxed elementor-section-height-default elementor-section-height-default\" data-id=\"376cdae\" data-element_type=\"section\">\n\t\t\t\t\t\t<div class=\"elementor-container elementor-column-gap-default\">\n\t\t\t\t\t<div class=\"elementor-column elementor-col-100 elementor-top-column elementor-element elementor-element-d02c5ff\" data-id=\"d02c5ff\" data-element_type=\"column\">\n\t\t\t<div class=\"elementor-widget-wrap elementor-element-populated\">\n\t\t\t\t\t\t<div class=\"elementor-element elementor-element-1b3d3d1 elementor-widget elementor-widget-image\" data-id=\"1b3d3d1\" data-element_type=\"widget\" data-widget_type=\"image.default\">\n\t\t\t\t<div class=\"elementor-widget-container\">\n\t\t\t\t\t\t\t\t\t\t\t\t\t\t\t<img fetchpriority=\"high\" decoding=\"async\" width=\"724\" height=\"1024\" src=\"https:\/\/www.ajimez.es\/wp-content\/uploads\/2024\/12\/VIAJE-TIERRA-TURDULA-724x1024.png\" class=\"attachment-large size-large wp-image-1675\" alt=\"\" srcset=\"https:\/\/www.ajimez.es\/wp-content\/uploads\/2024\/12\/VIAJE-TIERRA-TURDULA-724x1024.png 724w, https:\/\/www.ajimez.es\/wp-content\/uploads\/2024\/12\/VIAJE-TIERRA-TURDULA-212x300.png 212w, https:\/\/www.ajimez.es\/wp-content\/uploads\/2024\/12\/VIAJE-TIERRA-TURDULA-768x1086.png 768w, https:\/\/www.ajimez.es\/wp-content\/uploads\/2024\/12\/VIAJE-TIERRA-TURDULA-1086x1536.png 1086w, https:\/\/www.ajimez.es\/wp-content\/uploads\/2024\/12\/VIAJE-TIERRA-TURDULA.png 1414w\" sizes=\"(max-width: 724px) 100vw, 724px\" \/>\t\t\t\t\t\t\t\t\t\t\t\t\t\t\t<\/div>\n\t\t\t\t<\/div>\n\t\t\t\t\t<\/div>\n\t\t<\/div>\n\t\t\t\t\t<\/div>\n\t\t<\/section>\n\t\t\t\t<\/div>\n\t\t","protected":false},"excerpt":{"rendered":"","protected":false},"author":1,"featured_media":0,"parent":0,"menu_order":0,"comment_status":"closed","ping_status":"closed","template":"","meta":{"site-sidebar-layout":"no-sidebar","site-content-layout":"page-builder","ast-global-header-display":"","ast-main-header-display":"","ast-hfb-above-header-display":"","ast-hfb-below-header-display":"","ast-hfb-mobile-header-display":"","site-post-title":"disabled","ast-breadcrumbs-content":"","ast-featured-img":"disabled","footer-sml-layout":"","theme-transparent-header-meta":"","adv-header-id-meta":"","stick-header-meta":"","header-above-stick-meta":"","header-main-stick-meta":"","header-below-stick-meta":"","footnotes":""},"class_list":["post-1368","page","type-page","status-publish","hentry"],"yoast_head":"<!-- This site is optimized with the Yoast SEO plugin v21.0 - https:\/\/yoast.com\/wordpress\/plugins\/seo\/ -->\n<title>Tierra T\u00fardula - Ajimez turismo Llerena<\/title>\n<meta name=\"description\" content=\"Conoce los retablos m\u00e1s espectaculares del sur de Extremadura en esta ruta. Retablos g\u00f3ticos, barrocos, manier\u00editas...\" \/>\n<meta name=\"robots\" content=\"index, follow, max-snippet:-1, max-image-preview:large, max-video-preview:-1\" \/>\n<link rel=\"canonical\" href=\"https:\/\/www.ajimez.es\/index.php\/ruta-de-los-retablos\/\" \/>\n<meta property=\"og:locale\" content=\"es_ES\" \/>\n<meta property=\"og:type\" content=\"article\" \/>\n<meta property=\"og:title\" content=\"Tierra T\u00fardula - Ajimez turismo Llerena\" \/>\n<meta property=\"og:description\" content=\"Conoce los retablos m\u00e1s espectaculares del sur de Extremadura en esta ruta. Retablos g\u00f3ticos, barrocos, manier\u00editas...\" \/>\n<meta property=\"og:url\" content=\"https:\/\/www.ajimez.es\/index.php\/ruta-de-los-retablos\/\" \/>\n<meta property=\"og:site_name\" content=\"Ajimez turismo Llerena\" \/>\n<meta property=\"article:modified_time\" content=\"2024-12-05T19:08:53+00:00\" \/>\n<meta property=\"og:image\" content=\"https:\/\/www.ajimez.es\/wp-content\/uploads\/2024\/12\/VIAJE-TIERRA-TURDULA-724x1024.png\" \/>\n<meta name=\"twitter:card\" content=\"summary_large_image\" \/>\n<meta name=\"twitter:label1\" content=\"Tiempo de lectura\" \/>\n\t<meta name=\"twitter:data1\" content=\"1 minuto\" \/>\n<script type=\"application\/ld+json\" class=\"yoast-schema-graph\">{\"@context\":\"https:\/\/schema.org\",\"@graph\":[{\"@type\":\"WebPage\",\"@id\":\"https:\/\/www.ajimez.es\/index.php\/ruta-de-los-retablos\/\",\"url\":\"https:\/\/www.ajimez.es\/index.php\/ruta-de-los-retablos\/\",\"name\":\"Tierra T\u00fardula - Ajimez turismo Llerena\",\"isPartOf\":{\"@id\":\"https:\/\/www.ajimez.es\/#website\"},\"datePublished\":\"2022-12-30T19:41:16+00:00\",\"dateModified\":\"2024-12-05T19:08:53+00:00\",\"description\":\"Conoce los retablos m\u00e1s espectaculares del sur de Extremadura en esta ruta. Retablos g\u00f3ticos, barrocos, manier\u00editas...\",\"breadcrumb\":{\"@id\":\"https:\/\/www.ajimez.es\/index.php\/ruta-de-los-retablos\/#breadcrumb\"},\"inLanguage\":\"es\",\"potentialAction\":[{\"@type\":\"ReadAction\",\"target\":[\"https:\/\/www.ajimez.es\/index.php\/ruta-de-los-retablos\/\"]}]},{\"@type\":\"BreadcrumbList\",\"@id\":\"https:\/\/www.ajimez.es\/index.php\/ruta-de-los-retablos\/#breadcrumb\",\"itemListElement\":[{\"@type\":\"ListItem\",\"position\":1,\"name\":\"Portada\",\"item\":\"https:\/\/www.ajimez.es\/\"},{\"@type\":\"ListItem\",\"position\":2,\"name\":\"Tierra T\u00fardula\"}]},{\"@type\":\"WebSite\",\"@id\":\"https:\/\/www.ajimez.es\/#website\",\"url\":\"https:\/\/www.ajimez.es\/\",\"name\":\"Ajimez turismo Llerena\",\"description\":\"Visitas guiadas por Llerena y el sur de Extremadura\",\"publisher\":{\"@id\":\"https:\/\/www.ajimez.es\/#organization\"},\"potentialAction\":[{\"@type\":\"SearchAction\",\"target\":{\"@type\":\"EntryPoint\",\"urlTemplate\":\"https:\/\/www.ajimez.es\/?s={search_term_string}\"},\"query-input\":\"required name=search_term_string\"}],\"inLanguage\":\"es\"},{\"@type\":\"Organization\",\"@id\":\"https:\/\/www.ajimez.es\/#organization\",\"name\":\"Ajimez turismo Llerena\",\"url\":\"https:\/\/www.ajimez.es\/\",\"logo\":{\"@type\":\"ImageObject\",\"inLanguage\":\"es\",\"@id\":\"https:\/\/www.ajimez.es\/#\/schema\/logo\/image\/\",\"url\":\"https:\/\/www.ajimez.es\/wp-content\/uploads\/2022\/12\/cropped-LETRAS.jpg\",\"contentUrl\":\"https:\/\/www.ajimez.es\/wp-content\/uploads\/2022\/12\/cropped-LETRAS.jpg\",\"width\":654,\"height\":322,\"caption\":\"Ajimez turismo Llerena\"},\"image\":{\"@id\":\"https:\/\/www.ajimez.es\/#\/schema\/logo\/image\/\"}}]}<\/script>\n<!-- \/ Yoast SEO plugin. -->","yoast_head_json":{"title":"Tierra T\u00fardula - Ajimez turismo Llerena","description":"Conoce los retablos m\u00e1s espectaculares del sur de Extremadura en esta ruta. Retablos g\u00f3ticos, barrocos, manier\u00editas...","robots":{"index":"index","follow":"follow","max-snippet":"max-snippet:-1","max-image-preview":"max-image-preview:large","max-video-preview":"max-video-preview:-1"},"canonical":"https:\/\/www.ajimez.es\/index.php\/ruta-de-los-retablos\/","og_locale":"es_ES","og_type":"article","og_title":"Tierra T\u00fardula - Ajimez turismo Llerena","og_description":"Conoce los retablos m\u00e1s espectaculares del sur de Extremadura en esta ruta. Retablos g\u00f3ticos, barrocos, manier\u00editas...","og_url":"https:\/\/www.ajimez.es\/index.php\/ruta-de-los-retablos\/","og_site_name":"Ajimez turismo Llerena","article_modified_time":"2024-12-05T19:08:53+00:00","og_image":[{"url":"https:\/\/www.ajimez.es\/wp-content\/uploads\/2024\/12\/VIAJE-TIERRA-TURDULA-724x1024.png"}],"twitter_card":"summary_large_image","twitter_misc":{"Tiempo de lectura":"1 minuto"},"schema":{"@context":"https:\/\/schema.org","@graph":[{"@type":"WebPage","@id":"https:\/\/www.ajimez.es\/index.php\/ruta-de-los-retablos\/","url":"https:\/\/www.ajimez.es\/index.php\/ruta-de-los-retablos\/","name":"Tierra T\u00fardula - Ajimez turismo Llerena","isPartOf":{"@id":"https:\/\/www.ajimez.es\/#website"},"datePublished":"2022-12-30T19:41:16+00:00","dateModified":"2024-12-05T19:08:53+00:00","description":"Conoce los retablos m\u00e1s espectaculares del sur de Extremadura en esta ruta. Retablos g\u00f3ticos, barrocos, manier\u00editas...","breadcrumb":{"@id":"https:\/\/www.ajimez.es\/index.php\/ruta-de-los-retablos\/#breadcrumb"},"inLanguage":"es","potentialAction":[{"@type":"ReadAction","target":["https:\/\/www.ajimez.es\/index.php\/ruta-de-los-retablos\/"]}]},{"@type":"BreadcrumbList","@id":"https:\/\/www.ajimez.es\/index.php\/ruta-de-los-retablos\/#breadcrumb","itemListElement":[{"@type":"ListItem","position":1,"name":"Portada","item":"https:\/\/www.ajimez.es\/"},{"@type":"ListItem","position":2,"name":"Tierra T\u00fardula"}]},{"@type":"WebSite","@id":"https:\/\/www.ajimez.es\/#website","url":"https:\/\/www.ajimez.es\/","name":"Ajimez turismo Llerena","description":"Visitas guiadas por Llerena y el sur de Extremadura","publisher":{"@id":"https:\/\/www.ajimez.es\/#organization"},"potentialAction":[{"@type":"SearchAction","target":{"@type":"EntryPoint","urlTemplate":"https:\/\/www.ajimez.es\/?s={search_term_string}"},"query-input":"required name=search_term_string"}],"inLanguage":"es"},{"@type":"Organization","@id":"https:\/\/www.ajimez.es\/#organization","name":"Ajimez turismo Llerena","url":"https:\/\/www.ajimez.es\/","logo":{"@type":"ImageObject","inLanguage":"es","@id":"https:\/\/www.ajimez.es\/#\/schema\/logo\/image\/","url":"https:\/\/www.ajimez.es\/wp-content\/uploads\/2022\/12\/cropped-LETRAS.jpg","contentUrl":"https:\/\/www.ajimez.es\/wp-content\/uploads\/2022\/12\/cropped-LETRAS.jpg","width":654,"height":322,"caption":"Ajimez turismo Llerena"},"image":{"@id":"https:\/\/www.ajimez.es\/#\/schema\/logo\/image\/"}}]}},"_links":{"self":[{"href":"https:\/\/www.ajimez.es\/index.php\/wp-json\/wp\/v2\/pages\/1368","targetHints":{"allow":["GET"]}}],"collection":[{"href":"https:\/\/www.ajimez.es\/index.php\/wp-json\/wp\/v2\/pages"}],"about":[{"href":"https:\/\/www.ajimez.es\/index.php\/wp-json\/wp\/v2\/types\/page"}],"author":[{"embeddable":true,"href":"https:\/\/www.ajimez.es\/index.php\/wp-json\/wp\/v2\/users\/1"}],"replies":[{"embeddable":true,"href":"https:\/\/www.ajimez.es\/index.php\/wp-json\/wp\/v2\/comments?post=1368"}],"version-history":[{"count":5,"href":"https:\/\/www.ajimez.es\/index.php\/wp-json\/wp\/v2\/pages\/1368\/revisions"}],"predecessor-version":[{"id":1679,"href":"https:\/\/www.ajimez.es\/index.php\/wp-json\/wp\/v2\/pages\/1368\/revisions\/1679"}],"wp:attachment":[{"href":"https:\/\/www.ajimez.es\/index.php\/wp-json\/wp\/v2\/media?parent=1368"}],"curies":[{"name":"wp","href":"https:\/\/api.w.org\/{rel}","templated":true}]}}

Tierra Túrdula

<!-- This site is optimized with the Yoast SEO plugin v21.0 - https://yoast.com/wordpress/plugins/seo/ -->
<title>Tierra Túrdula - Ajimez turismo Llerena</title>
<meta name="description" content="Conoce los retablos más espectaculares del sur de Extremadura en esta ruta. Retablos góticos, barrocos, manieríitas..." />
<meta name="robots" content="index, follow, max-snippet:-1, max-image-preview:large, max-video-preview:-1" />
<link rel="canonical" href="https://www.ajimez.es/index.php/ruta-de-los-retablos/" />
<meta property="og:locale" content="es_ES" />
<meta property="og:type" content="article" />
<meta property="og:title" content="Tierra Túrdula - Ajimez turismo Llerena" />
<meta property="og:description" content="Conoce los retablos más espectaculares del sur de Extremadura en esta ruta. Retablos góticos, barrocos, manieríitas..." />
<meta property="og:url" content="https://www.ajimez.es/index.php/ruta-de-los-retablos/" />
<meta property="og:site_name" content="Ajimez turismo Llerena" />
<meta property="article:modified_time" content="2024-12-05T19:08:53+00:00" />
<meta property="og:image" content="https://www.ajimez.es/wp-content/uploads/2024/12/VIAJE-TIERRA-TURDULA-724x1024.png" />
<meta name="twitter:card" content="summary_large_image" />
<meta name="twitter:label1" content="Tiempo de lectura" />
	<meta name="twitter:data1" content="1 minuto" />
<script type="application/ld+json" class="yoast-schema-graph">{"@context":"https://schema.org","@graph":[{"@type":"WebPage","@id":"https://www.ajimez.es/index.php/ruta-de-los-retablos/","url":"https://www.ajimez.es/index.php/ruta-de-los-retablos/","name":"Tierra Túrdula - Ajimez turismo Llerena","isPartOf":{"@id":"https://www.ajimez.es/#website"},"datePublished":"2022-12-30T19:41:16+00:00","dateModified":"2024-12-05T19:08:53+00:00","description":"Conoce los retablos más espectaculares del sur de Extremadura en esta ruta. Retablos góticos, barrocos, manieríitas...","breadcrumb":{"@id":"https://www.ajimez.es/index.php/ruta-de-los-retablos/#breadcrumb"},"inLanguage":"es","potentialAction":[{"@type":"ReadAction","target":["https://www.ajimez.es/index.php/ruta-de-los-retablos/"]}]},{"@type":"BreadcrumbList","@id":"https://www.ajimez.es/index.php/ruta-de-los-retablos/#breadcrumb","itemListElement":[{"@type":"ListItem","position":1,"name":"Portada","item":"https://www.ajimez.es/"},{"@type":"ListItem","position":2,"name":"Tierra Túrdula"}]},{"@type":"WebSite","@id":"https://www.ajimez.es/#website","url":"https://www.ajimez.es/","name":"Ajimez turismo Llerena","description":"Visitas guiadas por Llerena y el sur de Extremadura","publisher":{"@id":"https://www.ajimez.es/#organization"},"potentialAction":[{"@type":"SearchAction","target":{"@type":"EntryPoint","urlTemplate":"https://www.ajimez.es/?s={search_term_string}"},"query-input":"required name=search_term_string"}],"inLanguage":"es"},{"@type":"Organization","@id":"https://www.ajimez.es/#organization","name":"Ajimez turismo Llerena","url":"https://www.ajimez.es/","logo":{"@type":"ImageObject","inLanguage":"es","@id":"https://www.ajimez.es/#/schema/logo/image/","url":"https://www.ajimez.es/wp-content/uploads/2022/12/cropped-LETRAS.jpg","contentUrl":"https://www.ajimez.es/wp-content/uploads/2022/12/cropped-LETRAS.jpg","width":654,"height":322,"caption":"Ajimez turismo Llerena"},"image":{"@id":"https://www.ajimez.es/#/schema/logo/image/"}}]}</script>
<!-- / Yoast SEO plugin. -->

Tierra Túrdula - Ajimez turismo Llerena

Conoce los retablos más espectaculares del sur de Extremadura en esta ruta. Retablos góticos, barrocos, manieríitas...
